?
False
Is 64895629 prime?
True
Is 65089061 composite?
True
Is 1658622887 a composite number?
False
Is 14995897087 a prime number?
True
Is 34446151933 prime?
True
Is 559047841 a composite number?
True
Is 11077211729 prime?
True
Is 1164842149 a prime number?
False
Is 7574093427 composite?
True
Is 518825653 a prime number?
True
Is 289955929 a prime number?
True
Is 5567507639 a prime number?
True
Is 11294531377 composite?
False
Is 1459703723 prime?
True
Is 684938647 composite?
False
Is 9130114967 a prime number?
True
Is 25697787 prime?
False
Is 1516362671 a composite number?
True
Is 623344543 composite?
True
Is 28975624649 a composite number?
False
Is 4049792039 prime?
True
Is 7191871 a prime number?
False
Is 743463067 prime?
True
Is 380151113 a composite number?
False
Is 8363943641 prime?
True
Is 8093431427 composite?
False
Is 12681090013 composite?
False
Is 5972097007 a composite number?
False
Is 3791084279 a prime number?
True
Is 721104887 prime?
False
Is 5705481737 composite?
True
Is 44762211385 composite?
True
Is 28638593611 a composite number?
False
Is 93923048053 composite?
False
Is 2110753483 composite?
False
Is 2660149489 a prime number?
True
Is 1903679747 a composite number?
False
Is 15545777593 a composite number?
True
Is 308416139 a prime number?
True
Is 12732195211 a composite number?
False
Is 11871746071 composite?
False
Is 145413363727 a prime number?
False
Is 1017787993 composite?
False
Is 18945201257 prime?
False
Is 424151719 composite?
True
Is 32332697623 prime?
True
Is 2614037243 a prime number?
True
Is 50059283993 prime?
True
Is 1510481059 composite?
True
Is 60425581111 composite?
True
Is 3341712869 a prime number?
False
Is 64957316401 prime?
False
Is 419020409 composite?
False
Is 5919296969 a composite number?
True
Is 5550068159 a prime number?
True
Is 2817862787 a prime number?
True
Is 1179717898 a composite number?
True
Is 926780081 prime?
False
Is 941074727 prime?
True
Is 3757180321 a composite number?
True
Is 26509064269 composite?
False
Is 852915029 prime?
False
Is 17581314731 composite?
False
Is 880199713 composite?
False
Is 2646988735 prime?
False
Is 6084600991 a composite number?
True
Is 217942731037 a prime number?
True
Is 1654908757 prime?
True
Is 123082198823 composite?
False
Is 9635179 composite?
False
Is 9290380483 a composite number?
True
Is 17689362113 composite?
True
Is 2018623697 composite?
False
Is 7401968971 a composite number?
True
Is 100449960745 prime?
False
Is 10523790269 prime?
False
Is 1518734519 composite?
False
Is 24640720849 prime?
True
Is 1253078873 prime?
True
Is 599755603 prime?
False
Is 2655072319 composite?
False
Is 552809539 a composite number?
False
Is 4083372571 prime?
True
Is 230743717 a prime number?
True
Is 4267503293 prime?
False
Is 365015647 a prime number?
False
Is 20324087629 composite?
False
Is 435535589 prime?
True
Is 64194287999 a composite number?
False
Is 2381467259 a composite number?
True
Is 1378234227 prime?
False
Is 1885113001 a prime number?
True
Is 1697341757 a prime number?
True
Is 70242253451 a composite number?
False
Is 98123428553 prime?
False
Is 2766683999 composite?
True
Is 346601699197 prime?
False
Is 1629616739 a composite number?
True
Is 7227174893 a composite number?
False
Is 2386341871 prime?
False
Is 3217265209 composite?
False
Is 477418633 prime?
False
Is 29477057 a composite number?
True
Is 3249562753 a composite number?
True
Is 3266748767 composite?
False
Is 4488434981 prime?
False
Is 20677932323 prime?
True
Is 9496778069 a composite number?
False
Is 15856675817 prime?
True
Is 3955261111 composite?
False
Is 6163721713 composite?
False
Is 6444092783 a composite number?
True
Is 69626508299 composite?
False
Is 444142451 prime?
True
Is 74645815 composite?
True
Is 15026485867 composite?
False
Is 6260175209 prime?
True
Is 147714013 composite?
True
Is 63413692267 a prime number?
True
Is 3138264229 a prime number?
True
Is 6278383687 a prime number?
True
Is 15969895939 prime?
True
Is 725057713 prime?
True
Is 702867179 composite?
True
Is 9400465001 a prime number?
True
Is 52620995519 a prime number?
False
Is 145467989 a prime number?
False
Is 19472131831 a composite number?
False
Is 152054419 a prime number?
False
Is 2607021793 composite?
True
Is 2594087401 composite?
False
Is 4608006883 composite?
False
Is 14347153255 composite?
True
Is 119235849641 composite?
False
Is 46670758271 composite?
False
Is 3656971921 a composite number?
True
Is 101391752207 composite?
False
Is 380983721 prime?
False
Is 30318231 a composite number?
True
Is 6884713393 a composite number?
False
Is 4074975869 prime?
False
Is 2743445699 prime?
True
Is 1954075493 composite?
False
Is 79656847933 a prime number?
False
Is 50422007149 a prime number?
False
Is 3101996321 a composite number?
True
Is 9503467139 a composite number?
True
Is 4178566453 a composite number?
True
Is 7799326123 prime?
False
Is 13238135129 a composite number?
True
Is 18734561711 prime?
False
Is 22356872333 composite?
False
Is 1349516821 prime?
True
Is 9883147657 composite?
True
Is 219546157 prime?
True
Is 408879319 composite?
True
Is 2096016701 a composite number?
True
Is 17242477157 a composite number?
False
Is 6375491623 prime?
False
Is 1204095661 composite?
False
Is 3203119601 composite?
True
Is 126057207809 prime?
False
Is 62990785313 composite?
False
Is 558680567 a prime number?
False
Is 2124425059 a composite number?
False
Is 2422790231 a prime number?
True
Is 2235142453 a composite number?
False
Is 239927659057 prime?
True
Is 132334922873 a composite number?
False
Is 249262435 a composite number?
True
Is 1244288809 a composite number?
False
Is 17125857923 prime?
False
Is 1125987847 composite?
False
Is 7321996399 prime?
True
Is 1563669337 prime?
True
Is 681485011 composite?
True
Is 16105976237 prime?
False
Is 13163385601 a prime number?
False
Is 128927833 a prime number?
False
Is 29919918143 a composite number?
False
Is 16156109509 prime?
False
Is 20114964379 a composite number?
False
Is 193011862759 a composite number?
False
Is 3575878423 a prime number?
False
Is 65591987817 a composite number?
True
Is 21664276901 a prime number?
True
Is 22998147709 a prime number?
False
Is 8120010761 a prime number?
False
Is 6669787183 composite?
False
Is 2276228541 prime?
False
Is 3806058083 composite?
False
Is 136308521 composite?
True
Is 57542867 a prime number?
True
Is 1267403185 composite?
True
Is 22186862791 a prime number?
False
Is 96437809777 a composite number?
False
Is 15546164989 prime?
True
Is 59878444673 a prime number?
False
Is 703379351 a prime number?
True
Is 1080518129 a prime number?
False
Is 10246135997 a prime number?
True
Is 69783230563 composite?
True
Is 153082767899 composite?
False
Is 2550081473 a composite number?
False
Is 591861581 composite?
True
Is 930303901 prime?
True
Is 214073371 a prime number?
True
Is 14670901997 composite?
True
Is 2464107029 a composite number?
False
Is 49026166405 prime?
False
Is 651438103 prime?
True
Is 51490732441 a composite number?
False
Is 6083295131 a composite number?
True
Is 301554793 a prime number?
True
Is 14960819881 a composite number?
True
Is 7472774053 a prime number?
True
Is 1044807367 prime?
True
Is 28705973029 a prime number?
True
Is 144343103 a composite number?
False
Is 7129226843 prime?
False
Is 7507864471 a composite number?
False
Is 2673583921 a composite number?
True
Is 4145968451 a prime number?
False
Is 119937492953 composite?
False
Is 745130017 a prime number?
False
Is 5399929159 composite?
True
Is 3031158037 a prime number?
True
Is 9210954833 a composite number?
False
Is 4059758057 a prime number?
False
Is 147560197 a composite number?
True
Is 20587835747 composite?
True
Is 23322117157 composite?
True
Is 4896778031 prime?
True
Is 5604876535 composite?
True
Is 584997401 a composite number?
False
Is 283441661 prime?
True
Is 58115734927 a composite number?
False
Is 4872260303 composite?
False
Is 3515888551 composite?
True
Is 1870512547 composite?
False
Is 460428937 a prime number?
False
Is 119151407 prime?
False
Is 196763873 prime?
False
Is 52773424967 a prime number?
True
Is 10132658741 a composite number?
False
Is 1784548979 a composite number?
True
Is 1138733207 composite?
False
Is 6582605021 a composite number?
False
Is 1790165401 a composite number?
T